{"id":343,"date":"2019-11-15T15:12:56","date_gmt":"2019-11-15T14:12:56","guid":{"rendered":"https:\/\/mariefrancepainset.net\/web\/?page_id=343"},"modified":"2023-02-02T17:36:38","modified_gmt":"2023-02-02T16:36:38","slug":"dans-la-petite-maison-verte-album-jeunesse-marie-france-painset","status":"publish","type":"page","link":"https:\/\/mariefrancepainset.net\/web\/dans-la-petite-maison-verte-album-jeunesse-marie-france-painset\/","title":{"rendered":"Dans la petite maison verte"},"content":{"rendered":"\n[et_pb_section fb_built=\u00a0\u00bb1&Prime; fullwidth=\u00a0\u00bbon\u00a0\u00bb _builder_version=\u00a0\u00bb4.0.6&Prime;][et_pb_fullwidth_image src=\u00a0\u00bbhttps:\/\/mariefrancepainset.net\/web\/wp-content\/uploads\/2020\/01\/dlpmv.jpg\u00a0\u00bb _builder_version=\u00a0\u00bb4.0.9&Prime; animation_style=\u00a0\u00bbfade\u00a0\u00bb custom_padding=\u00a0\u00bb||0px|||\u00a0\u00bb][\/et_pb_fullwidth_image][\/et_pb_section][et_pb_section fb_built=\u00a0\u00bb1&Prime; _builder_version=\u00a0\u00bb4.0.6&Prime; custom_padding=\u00a0\u00bb||0px|||\u00a0\u00bb collapsed=\u00a0\u00bboff\u00a0\u00bb][et_pb_row _builder_version=\u00a0\u00bb4.0.6&Prime; custom_margin=\u00a0\u00bb-1px|auto|14px|auto||\u00a0\u00bb custom_padding=\u00a0\u00bb12px||3px|||\u00a0\u00bb min_height=\u00a0\u00bb165px\u00a0\u00bb][et_pb_column type=\u00a0\u00bb4_4&Prime; _builder_version=\u00a0\u00bb4.0.6&Prime;][et_pb_text _builder_version=\u00a0\u00bb4.0.9&Prime; custom_margin=\u00a0\u00bb5px||6px|||\u00a0\u00bb]<p class=\"p1\"><span style=\"font-size: 14px; line-height: 1.7em;\">Dans la petite maison verte, il y a\u2026<\/span><\/p>\n<p class=\"p1\">\u00c0 la mani\u00e8re des poup\u00e9es gigognes ou des cubes qu\u2019on encastre, cet album d\u00e9veloppe une s\u00e9rie d\u2019embo\u00eetements : quatre maisons se succ\u00e8dent, la verte, la brune, la jaune et la blanche, pour finir jusqu\u2019\u00e0 la d\u00e9couverte de ce qu\u2019il y a de plus pr\u00e9cieux au monde : un petit coeur qui bat\u2026<\/p>[\/et_pb_text][\/et_pb_column][\/et_pb_row][\/et_pb_section][et_pb_section fb_built=\u00a0\u00bb1&Prime; _builder_version=\u00a0\u00bb4.0.9&Prime; background_color=\u00a0\u00bb#d7d5c5&Prime; min_height=\u00a0\u00bb364px\u00a0\u00bb custom_margin=\u00a0\u00bb-4px||2px|||\u00a0\u00bb custom_padding=\u00a0\u00bb15px||23px|||\u00a0\u00bb][et_pb_row column_structure=\u00a0\u00bb1_4,3_4&Prime; _builder_version=\u00a0\u00bb4.0.6&Prime; min_height=\u00a0\u00bb267px\u00a0\u00bb custom_padding=\u00a0\u00bb||0px|||\u00a0\u00bb locked=\u00a0\u00bboff\u00a0\u00bb][et_pb_column type=\u00a0\u00bb1_4&Prime; _builder_version=\u00a0\u00bb4.0.6&Prime;][et_pb_image src=\u00a0\u00bbhttps:\/\/mariefrancepainset.net\/web\/wp-content\/uploads\/2020\/01\/dlpmv-couv.jpg\u00a0\u00bb _builder_version=\u00a0\u00bb4.0.9&Prime; custom_margin=\u00a0\u00bb||-6px|||\u00a0\u00bb][\/et_pb_image][\/et_pb_column][et_pb_column type=\u00a0\u00bb3_4&Prime; _builder_version=\u00a0\u00bb4.0.6&Prime;][et_pb_text _builder_version=\u00a0\u00bb4.0.6&Prime; min_height=\u00a0\u00bb212px\u00a0\u00bb custom_margin=\u00a0\u00bb1px||-2px|-2px||\u00a0\u00bb custom_padding=\u00a0\u00bb0px|||||\u00a0\u00bb]<p><strong>\u00c9diteur : <\/strong>Didier Jeunesse<strong><br \/> <\/strong><strong>Auteur :\u00a0<\/strong>Marie-France PAINSET<br \/> <strong>Illustratrice :<\/strong> Marie MALHER<br \/> <strong>Collection :<\/strong> Les albums \/ Pour les petits 0-7 ans<br \/> <strong>Parution :<\/strong> janvier 2010<br \/> <strong>Format :<\/strong> 234 x 250 mm<br \/> <strong>Pages :<\/strong> 32<br \/> <strong>EAN :<\/strong> 9782278062379<br \/> <strong>NUART :<\/strong> 4753653<br \/> <strong>Prix en euros TTC :<\/strong> 12.10 \u20ac<\/p>[\/et_pb_text][\/et_pb_column][\/et_pb_row][\/et_pb_section][et_pb_section fb_built=\u00a0\u00bb1&Prime; _builder_version=\u00a0\u00bb4.0.9&Prime; custom_margin=\u00a0\u00bb-3px|||||\u00a0\u00bb custom_padding=\u00a0\u00bb55px|9px|16px|||\u00a0\u00bb min_height=\u00a0\u00bb62px\u00a0\u00bb][et_pb_row _builder_version=\u00a0\u00bb4.0.9&Prime; custom_margin=\u00a0\u00bb-30px|auto|-43px|auto||\u00a0\u00bb min_height=\u00a0\u00bb117px\u00a0\u00bb custom_padding=\u00a0\u00bb22px||1px|||\u00a0\u00bb][et_pb_column type=\u00a0\u00bb4_4&Prime; _builder_version=\u00a0\u00bb4.0.9&Prime;][et_pb_social_media_follow follow_button=\u00a0\u00bbon\u00a0\u00bb _builder_version=\u00a0\u00bb4.0.6&Prime; custom_margin=\u00a0\u00bb-1px|||||\u00a0\u00bb locked=\u00a0\u00bboff\u00a0\u00bb][et_pb_social_media_follow_network social_network=\u00a0\u00bbfacebook\u00a0\u00bb url=\u00a0\u00bbhttps:\/\/www.facebook.com\/Livres.et.albums.jeunesse\u00a0\u00bb _builder_version=\u00a0\u00bb4.0.6&Prime; background_color=\u00a0\u00bb#3b5998&Prime; follow_button=\u00a0\u00bbon\u00a0\u00bb url_new_window=\u00a0\u00bbon\u00a0\u00bb]facebook[\/et_pb_social_media_follow_network][\/et_pb_social_media_follow][\/et_pb_column][\/et_pb_row][\/et_pb_section]\n","protected":false},"excerpt":{"rendered":"<p>Dans la petite maison verte, il y a\u2026 \u00c0 la mani\u00e8re des poup\u00e9es gigognes ou des cubes qu\u2019on encastre, cet album d\u00e9veloppe une s\u00e9rie d\u2019embo\u00eetements : quatre maisons se succ\u00e8dent, la verte, la brune, la jaune et la blanche, pour finir jusqu\u2019\u00e0 la d\u00e9couverte de ce qu\u2019il y a de plus pr\u00e9cieux au monde : [&hellip;]<\/p>\n","protected":false},"author":1,"featured_media":0,"parent":0,"menu_order":0,"comment_status":"closed","ping_status":"closed","template":"","meta":{"_et_pb_use_builder":"on","_et_pb_old_content":"","_et_gb_content_width":"","footnotes":""},"class_list":["post-343","page","type-page","status-publish","hentry"],"yoast_head":"<!-- This site is optimized with the Yoast SEO plugin v27.4 - https:\/\/yoast.com\/product\/yoast-seo-wordpress\/ -->\n<title>Dans la petite maison verte -<\/title>\n<meta name=\"description\" content=\"Dans la petite maison verte, il y a\u2026 une petite maison jaune. Dans la jaune, il y a une petite maison brune. Quatre maisons se succ\u00e8dent, la verte, la jaune, la brune et la blanche, pour finir sur ce qu\u2019il y a de plus pr\u00e9cieux au monde : un petit coeur qui bat\u2026 Un texte po\u00e9tique inspir\u00e9 par une comptine anglaise dont le balancement et la douce r\u00e9p\u00e9tition rappellent les battements du coeur.\" \/>\n<meta name=\"robots\" content=\"index, follow, max-snippet:-1, max-image-preview:large, max-video-preview:-1\" \/>\n<link rel=\"canonical\" href=\"https:\/\/mariefrancepainset.net\/web\/dans-la-petite-maison-verte-album-jeunesse-marie-france-painset\/\" \/>\n<meta property=\"og:locale\" content=\"fr_FR\" \/>\n<meta property=\"og:type\" content=\"article\" \/>\n<meta property=\"og:title\" content=\"Dans la petite maison verte -\" \/>\n<meta property=\"og:description\" content=\"Dans la petite maison verte, il y a\u2026 une petite maison jaune. Dans la jaune, il y a une petite maison brune. Quatre maisons se succ\u00e8dent, la verte, la jaune, la brune et la blanche, pour finir sur ce qu\u2019il y a de plus pr\u00e9cieux au monde : un petit coeur qui bat\u2026 Un texte po\u00e9tique inspir\u00e9 par une comptine anglaise dont le balancement et la douce r\u00e9p\u00e9tition rappellent les battements du coeur.\" \/>\n<meta property=\"og:url\" content=\"https:\/\/mariefrancepainset.net\/web\/dans-la-petite-maison-verte-album-jeunesse-marie-france-painset\/\" \/>\n<meta property=\"article:modified_time\" content=\"2023-02-02T16:36:38+00:00\" \/>\n<meta name=\"twitter:card\" content=\"summary_large_image\" \/>\n<meta name=\"twitter:label1\" content=\"Dur\u00e9e de lecture estim\u00e9e\" \/>\n\t<meta name=\"twitter:data1\" content=\"1 minute\" \/>\n<script type=\"application\/ld+json\" class=\"yoast-schema-graph\">{\"@context\":\"https:\\\/\\\/schema.org\",\"@graph\":[{\"@type\":\"WebPage\",\"@id\":\"https:\\\/\\\/mariefrancepainset.net\\\/web\\\/dans-la-petite-maison-verte-album-jeunesse-marie-france-painset\\\/\",\"url\":\"https:\\\/\\\/mariefrancepainset.net\\\/web\\\/dans-la-petite-maison-verte-album-jeunesse-marie-france-painset\\\/\",\"name\":\"Dans la petite maison verte -\",\"isPartOf\":{\"@id\":\"https:\\\/\\\/mariefrancepainset.net\\\/web\\\/#website\"},\"datePublished\":\"2019-11-15T14:12:56+00:00\",\"dateModified\":\"2023-02-02T16:36:38+00:00\",\"description\":\"Dans la petite maison verte, il y a\u2026 une petite maison jaune. Dans la jaune, il y a une petite maison brune. Quatre maisons se succ\u00e8dent, la verte, la jaune, la brune et la blanche, pour finir sur ce qu\u2019il y a de plus pr\u00e9cieux au monde : un petit coeur qui bat\u2026 Un texte po\u00e9tique inspir\u00e9 par une comptine anglaise dont le balancement et la douce r\u00e9p\u00e9tition rappellent les battements du coeur.\",\"breadcrumb\":{\"@id\":\"https:\\\/\\\/mariefrancepainset.net\\\/web\\\/dans-la-petite-maison-verte-album-jeunesse-marie-france-painset\\\/#breadcrumb\"},\"inLanguage\":\"fr-FR\",\"potentialAction\":[{\"@type\":\"ReadAction\",\"target\":[\"https:\\\/\\\/mariefrancepainset.net\\\/web\\\/dans-la-petite-maison-verte-album-jeunesse-marie-france-painset\\\/\"]}]},{\"@type\":\"BreadcrumbList\",\"@id\":\"https:\\\/\\\/mariefrancepainset.net\\\/web\\\/dans-la-petite-maison-verte-album-jeunesse-marie-france-painset\\\/#breadcrumb\",\"itemListElement\":[{\"@type\":\"ListItem\",\"position\":1,\"name\":\"Accueil\",\"item\":\"https:\\\/\\\/mariefrancepainset.net\\\/web\\\/\"},{\"@type\":\"ListItem\",\"position\":2,\"name\":\"Dans la petite maison verte\"}]},{\"@type\":\"WebSite\",\"@id\":\"https:\\\/\\\/mariefrancepainset.net\\\/web\\\/#website\",\"url\":\"https:\\\/\\\/mariefrancepainset.net\\\/web\\\/\",\"name\":\"\",\"description\":\"Jouer, chanter, dire\u2026 lire, transmettre\",\"potentialAction\":[{\"@type\":\"SearchAction\",\"target\":{\"@type\":\"EntryPoint\",\"urlTemplate\":\"https:\\\/\\\/mariefrancepainset.net\\\/web\\\/?s={search_term_string}\"},\"query-input\":{\"@type\":\"PropertyValueSpecification\",\"valueRequired\":true,\"valueName\":\"search_term_string\"}}],\"inLanguage\":\"fr-FR\"}]}<\/script>\n<!-- \/ Yoast SEO plugin. -->","yoast_head_json":{"title":"Dans la petite maison verte -","description":"Dans la petite maison verte, il y a\u2026 une petite maison jaune. Dans la jaune, il y a une petite maison brune. Quatre maisons se succ\u00e8dent, la verte, la jaune, la brune et la blanche, pour finir sur ce qu\u2019il y a de plus pr\u00e9cieux au monde : un petit coeur qui bat\u2026 Un texte po\u00e9tique inspir\u00e9 par une comptine anglaise dont le balancement et la douce r\u00e9p\u00e9tition rappellent les battements du coeur.","robots":{"index":"index","follow":"follow","max-snippet":"max-snippet:-1","max-image-preview":"max-image-preview:large","max-video-preview":"max-video-preview:-1"},"canonical":"https:\/\/mariefrancepainset.net\/web\/dans-la-petite-maison-verte-album-jeunesse-marie-france-painset\/","og_locale":"fr_FR","og_type":"article","og_title":"Dans la petite maison verte -","og_description":"Dans la petite maison verte, il y a\u2026 une petite maison jaune. Dans la jaune, il y a une petite maison brune. Quatre maisons se succ\u00e8dent, la verte, la jaune, la brune et la blanche, pour finir sur ce qu\u2019il y a de plus pr\u00e9cieux au monde : un petit coeur qui bat\u2026 Un texte po\u00e9tique inspir\u00e9 par une comptine anglaise dont le balancement et la douce r\u00e9p\u00e9tition rappellent les battements du coeur.","og_url":"https:\/\/mariefrancepainset.net\/web\/dans-la-petite-maison-verte-album-jeunesse-marie-france-painset\/","article_modified_time":"2023-02-02T16:36:38+00:00","twitter_card":"summary_large_image","twitter_misc":{"Dur\u00e9e de lecture estim\u00e9e":"1 minute"},"schema":{"@context":"https:\/\/schema.org","@graph":[{"@type":"WebPage","@id":"https:\/\/mariefrancepainset.net\/web\/dans-la-petite-maison-verte-album-jeunesse-marie-france-painset\/","url":"https:\/\/mariefrancepainset.net\/web\/dans-la-petite-maison-verte-album-jeunesse-marie-france-painset\/","name":"Dans la petite maison verte -","isPartOf":{"@id":"https:\/\/mariefrancepainset.net\/web\/#website"},"datePublished":"2019-11-15T14:12:56+00:00","dateModified":"2023-02-02T16:36:38+00:00","description":"Dans la petite maison verte, il y a\u2026 une petite maison jaune. Dans la jaune, il y a une petite maison brune. Quatre maisons se succ\u00e8dent, la verte, la jaune, la brune et la blanche, pour finir sur ce qu\u2019il y a de plus pr\u00e9cieux au monde : un petit coeur qui bat\u2026 Un texte po\u00e9tique inspir\u00e9 par une comptine anglaise dont le balancement et la douce r\u00e9p\u00e9tition rappellent les battements du coeur.","breadcrumb":{"@id":"https:\/\/mariefrancepainset.net\/web\/dans-la-petite-maison-verte-album-jeunesse-marie-france-painset\/#breadcrumb"},"inLanguage":"fr-FR","potentialAction":[{"@type":"ReadAction","target":["https:\/\/mariefrancepainset.net\/web\/dans-la-petite-maison-verte-album-jeunesse-marie-france-painset\/"]}]},{"@type":"BreadcrumbList","@id":"https:\/\/mariefrancepainset.net\/web\/dans-la-petite-maison-verte-album-jeunesse-marie-france-painset\/#breadcrumb","itemListElement":[{"@type":"ListItem","position":1,"name":"Accueil","item":"https:\/\/mariefrancepainset.net\/web\/"},{"@type":"ListItem","position":2,"name":"Dans la petite maison verte"}]},{"@type":"WebSite","@id":"https:\/\/mariefrancepainset.net\/web\/#website","url":"https:\/\/mariefrancepainset.net\/web\/","name":"","description":"Jouer, chanter, dire\u2026 lire, transmettre","potentialAction":[{"@type":"SearchAction","target":{"@type":"EntryPoint","urlTemplate":"https:\/\/mariefrancepainset.net\/web\/?s={search_term_string}"},"query-input":{"@type":"PropertyValueSpecification","valueRequired":true,"valueName":"search_term_string"}}],"inLanguage":"fr-FR"}]}},"_links":{"self":[{"href":"https:\/\/mariefrancepainset.net\/web\/wp-json\/wp\/v2\/pages\/343","targetHints":{"allow":["GET"]}}],"collection":[{"href":"https:\/\/mariefrancepainset.net\/web\/wp-json\/wp\/v2\/pages"}],"about":[{"href":"https:\/\/mariefrancepainset.net\/web\/wp-json\/wp\/v2\/types\/page"}],"author":[{"embeddable":true,"href":"https:\/\/mariefrancepainset.net\/web\/wp-json\/wp\/v2\/users\/1"}],"replies":[{"embeddable":true,"href":"https:\/\/mariefrancepainset.net\/web\/wp-json\/wp\/v2\/comments?post=343"}],"version-history":[{"count":15,"href":"https:\/\/mariefrancepainset.net\/web\/wp-json\/wp\/v2\/pages\/343\/revisions"}],"predecessor-version":[{"id":888,"href":"https:\/\/mariefrancepainset.net\/web\/wp-json\/wp\/v2\/pages\/343\/revisions\/888"}],"wp:attachment":[{"href":"https:\/\/mariefrancepainset.net\/web\/wp-json\/wp\/v2\/media?parent=343"}],"curies":[{"name":"wp","href":"https:\/\/api.w.org\/{rel}","templated":true}]}}