{"id":548,"date":"2020-01-21T11:36:46","date_gmt":"2020-01-21T10:36:46","guid":{"rendered":"https:\/\/mariefrancepainset.net\/web\/?page_id=548"},"modified":"2023-02-02T17:44:58","modified_gmt":"2023-02-02T16:44:58","slug":"tit-madame-et-ti-monsieur-spectacle-jeune-public-marie-france-painset","status":"publish","type":"page","link":"https:\/\/mariefrancepainset.net\/web\/tit-madame-et-ti-monsieur-spectacle-jeune-public-marie-france-painset\/","title":{"rendered":"Tit&rsquo; madame et ti monsieur"},"content":{"rendered":"\n\n\n[et_pb_section fb_built=\u00a0\u00bb1&Prime; fullwidth=\u00a0\u00bbon\u00a0\u00bb _builder_version=\u00a0\u00bb4.0.6&Prime;][et_pb_fullwidth_image src=\u00a0\u00bbhttps:\/\/mariefrancepainset.net\/web\/wp-content\/uploads\/2019\/11\/TitMadame.jpg\u00a0\u00bb _builder_version=\u00a0\u00bb4.0.6&Prime; animation_style=\u00a0\u00bbfade\u00a0\u00bb][\/et_pb_fullwidth_image][\/et_pb_section][et_pb_section fb_built=\u00a0\u00bb1&Prime; _builder_version=\u00a0\u00bb4.0.6&Prime; collapsed=\u00a0\u00bbon\u00a0\u00bb][et_pb_row _builder_version=\u00a0\u00bb4.0.6&Prime;][et_pb_column type=\u00a0\u00bb4_4&Prime; _builder_version=\u00a0\u00bb4.0.6&Prime;][et_pb_text _builder_version=\u00a0\u00bb4.0.6&Prime;]<p class=\"p1\" style=\"text-align: left;\"><strong>Tit\u2019 madame et<span class=\"Apple-converted-space\">\u00a0 <\/span>ti monsieur<\/strong><br \/><strong> Mettez la natte sous les filaos, <\/strong><br \/><strong> Venez venez dormir,<\/strong><br \/><strong> Moi, je vais charmer les p\u2019tits oiseaux<\/strong><br \/><strong> Venez dans les roseaux<\/strong><br \/><strong> Venez sous les rameaux\u2026<\/strong><\/p>\n<p class=\"p1\" style=\"text-align: left;\"><\/p>\n<p class=\"p1\">Dans un cocon, une chanteuse, un musicien,<span class=\"Apple-converted-space\">\u00a0<\/span>vous accueillent en chanson au son de la guitare, du <span class=\"s1\">handpan<\/span>\u2009&#8230; <br \/> Berceuses, comptines, ballades d\u2019ici et d\u2019autres pays.<\/p>\n<p class=\"p2\"><strong>Une invitation \u00e0 \u00eatre ensemble, \u00e0 \u00e9couter, \u00e0 r\u00eaver\u2009\u2026<\/strong><\/p>[\/et_pb_text][\/et_pb_column][\/et_pb_row][\/et_pb_section][et_pb_section fb_built=\u00a0\u00bb1&Prime; _builder_version=\u00a0\u00bb4.0.6&Prime; background_color=\u00a0\u00bb#d7d5c5&Prime; collapsed=\u00a0\u00bbon\u00a0\u00bb][et_pb_row _builder_version=\u00a0\u00bb4.0.6&Prime;][et_pb_column type=\u00a0\u00bb4_4&Prime; _builder_version=\u00a0\u00bb4.0.6&Prime;][et_pb_text _builder_version=\u00a0\u00bb4.0.6&Prime;]<p class=\"p1\"><b>Public :<\/b> pour les petits, les tout-petits, les tout tout-petits\u2009\u2026<br \/> mais aussi et bien s\u00fbr leur papa, leur maman\u2026 leur nounou\u2009&#8230;<\/p>\n<p class=\"p2\"><b>Dur\u00e9e :<\/b> 40 minutes<\/p>\n<p class=\"p2\"><b>Jauge :<\/b> Nous venons avec tapis, coussins\u2026 <br \/>un abri pour nous installer. <b>Notre abri peut accueillir 40 personnes maximum, enfants et adultes compris.<\/b><\/p>[\/et_pb_text][\/et_pb_column][\/et_pb_row][\/et_pb_section][et_pb_section fb_built=\u00a0\u00bb1&Prime; _builder_version=\u00a0\u00bb4.0.6&Prime;][et_pb_row _builder_version=\u00a0\u00bb4.0.6&Prime;][et_pb_column type=\u00a0\u00bb4_4&Prime; _builder_version=\u00a0\u00bb4.0.6&Prime;][et_pb_text _builder_version=\u00a0\u00bb4.0.6&Prime;]<p class=\"p1\">Cr\u00e9er un cocon, partager des petits bijoux de po\u00e9sie chant\u00e9e, d\u2019ici et d\u2019ailleurs.\u00a0<span style=\"font-size: 14px; line-height: 1.7em;\">Un concert pour les tout-petits et leurs proches, voil\u00e0 longtemps que nous en r\u00eavions\u2009!<\/span><\/p>\n<p class=\"p2\"><b>Tit\u2019 madame et ti monsieur<br \/><\/b><span style=\"font-size: 14px; line-height: 1.7em;\">&#8211; une invitation \u00e0 \u00eatre ensemble, petits et grands,<br \/><\/span><span style=\"font-size: 14px; line-height: 1.7em;\">&#8211; une invitation \u00e0 se laisser aller \u00e0 la musique, au chant jusqu\u2019au bercement,<br \/><\/span><span style=\"font-size: 14px; line-height: 1.7em;\">&#8211; une invitation \u00e0 la r\u00eaverie.<\/span><\/p>\n<p class=\"p5\">Juste quelques mots \u00e9gr\u00e9n\u00e9s\u2026<br \/><span style=\"font-size: 14px; line-height: 1.7em;\">&#8211; est-ce que tu sens le vent\u2009?<br \/><\/span><span style=\"font-size: 14px; line-height: 1.7em;\">&#8211; est-ce que tu entends la mer\u2009?<br \/><\/span><span style=\"font-size: 14px; line-height: 1.7em;\">&#8211; moi, le soir quand je n\u2019arrive pas \u00e0 dormir, j\u2019aime que l\u2019on me raconte des histoires d\u2019amours.<\/span><\/p>\n<p class=\"p5\">Des chansons, de la musique\u2026<br \/><span style=\"font-size: 14px; line-height: 1.7em;\">&#8211; un tye pye lorye qui est charg\u00e9 de fleurs un p\u2019tit vent pass\u00e9 par l\u00e0\u2026<br \/><\/span><span style=\"font-size: 14px; line-height: 1.7em;\">&#8211; quem te ensinou a nadar\u2026 petit poisson qui t\u2019as appris \u00e0 nager\u2009?<br \/><\/span><span style=\"font-size: 14px; line-height: 1.7em;\">&#8211; doucement, doucement, doucement s\u2019en va le jour\u2026<\/span><\/p>\n<p class=\"p5\">Et une certitude celle de la puissance des mots, de la musique <br \/> qui nous font vibrer et nous sentir vivant.<\/p>[\/et_pb_text][et_pb_social_media_follow follow_button=\u00a0\u00bbon\u00a0\u00bb _builder_version=\u00a0\u00bb4.0.6&Prime;][et_pb_social_media_follow_network social_network=\u00a0\u00bbfacebook\u00a0\u00bb url=\u00a0\u00bbhttps:\/\/www.facebook.com\/TitMadameEtTiMonsieur\u00a0\u00bb _builder_version=\u00a0\u00bb4.0.6&Prime; background_color=\u00a0\u00bb#3b5998&Prime; follow_button=\u00a0\u00bbon\u00a0\u00bb url_new_window=\u00a0\u00bbon\u00a0\u00bb]facebook[\/et_pb_social_media_follow_network][\/et_pb_social_media_follow][\/et_pb_column][\/et_pb_row][\/et_pb_section]\n\n\n","protected":false},"excerpt":{"rendered":"<p>Tit\u2019 madame et\u00a0 ti monsieur Mettez la natte sous les filaos, Venez venez dormir, Moi, je vais charmer les p\u2019tits oiseaux Venez dans les roseaux Venez sous les rameaux\u2026 Dans un cocon, une chanteuse, un musicien,\u00a0vous accueillent en chanson au son de la guitare, du handpan\u2009&#8230; Berceuses, comptines, ballades d\u2019ici et d\u2019autres pays. Une invitation [&hellip;]<\/p>\n","protected":false},"author":1,"featured_media":0,"parent":0,"menu_order":0,"comment_status":"closed","ping_status":"closed","template":"","meta":{"_et_pb_use_builder":"on","_et_pb_old_content":"","_et_gb_content_width":"","footnotes":""},"class_list":["post-548","page","type-page","status-publish","hentry"],"yoast_head":"<!-- This site is optimized with the Yoast SEO plugin v27.5 - https:\/\/yoast.com\/product\/yoast-seo-wordpress\/ -->\n<title>Tit&#039; Madame et tit Monsieur - Spectacle jeune public - Marie-France Painset<\/title>\n<meta name=\"description\" content=\"Dans un cocon, une chanteuse, un musicien, vous accueillent en chanson au son de la guitare, du handpan\u2009\u2026 Berceuses, comptines, ballades d\u2019ici et d\u2019autres pays.Une invitation \u00e0 \u00eatre ensemble, \u00e0 \u00e9couter, \u00e0 r\u00eaver\u2009\u2026\" \/>\n<meta name=\"robots\" content=\"index, follow, max-snippet:-1, max-image-preview:large, max-video-preview:-1\" \/>\n<link rel=\"canonical\" href=\"https:\/\/mariefrancepainset.net\/web\/tit-madame-et-ti-monsieur-spectacle-jeune-public-marie-france-painset\/\" \/>\n<meta property=\"og:locale\" content=\"fr_FR\" \/>\n<meta property=\"og:type\" content=\"article\" \/>\n<meta property=\"og:title\" content=\"Tit&#039; Madame et tit Monsieur - Spectacle jeune public - Marie-France Painset\" \/>\n<meta property=\"og:description\" content=\"Dans un cocon, une chanteuse, un musicien, vous accueillent en chanson au son de la guitare, du handpan\u2009\u2026 Berceuses, comptines, ballades d\u2019ici et d\u2019autres pays.Une invitation \u00e0 \u00eatre ensemble, \u00e0 \u00e9couter, \u00e0 r\u00eaver\u2009\u2026\" \/>\n<meta property=\"og:url\" content=\"https:\/\/mariefrancepainset.net\/web\/tit-madame-et-ti-monsieur-spectacle-jeune-public-marie-france-painset\/\" \/>\n<meta property=\"article:modified_time\" content=\"2023-02-02T16:44:58+00:00\" \/>\n<meta name=\"twitter:card\" content=\"summary_large_image\" \/>\n<meta name=\"twitter:label1\" content=\"Dur\u00e9e de lecture estim\u00e9e\" \/>\n\t<meta name=\"twitter:data1\" content=\"2 minutes\" \/>\n<script type=\"application\/ld+json\" class=\"yoast-schema-graph\">{\"@context\":\"https:\\\/\\\/schema.org\",\"@graph\":[{\"@type\":\"WebPage\",\"@id\":\"https:\\\/\\\/mariefrancepainset.net\\\/web\\\/tit-madame-et-ti-monsieur-spectacle-jeune-public-marie-france-painset\\\/\",\"url\":\"https:\\\/\\\/mariefrancepainset.net\\\/web\\\/tit-madame-et-ti-monsieur-spectacle-jeune-public-marie-france-painset\\\/\",\"name\":\"Tit' Madame et tit Monsieur - Spectacle jeune public - Marie-France Painset\",\"isPartOf\":{\"@id\":\"https:\\\/\\\/mariefrancepainset.net\\\/web\\\/#website\"},\"datePublished\":\"2020-01-21T10:36:46+00:00\",\"dateModified\":\"2023-02-02T16:44:58+00:00\",\"description\":\"Dans un cocon, une chanteuse, un musicien, vous accueillent en chanson au son de la guitare, du handpan\u2009\u2026 Berceuses, comptines, ballades d\u2019ici et d\u2019autres pays.Une invitation \u00e0 \u00eatre ensemble, \u00e0 \u00e9couter, \u00e0 r\u00eaver\u2009\u2026\",\"breadcrumb\":{\"@id\":\"https:\\\/\\\/mariefrancepainset.net\\\/web\\\/tit-madame-et-ti-monsieur-spectacle-jeune-public-marie-france-painset\\\/#breadcrumb\"},\"inLanguage\":\"fr-FR\",\"potentialAction\":[{\"@type\":\"ReadAction\",\"target\":[\"https:\\\/\\\/mariefrancepainset.net\\\/web\\\/tit-madame-et-ti-monsieur-spectacle-jeune-public-marie-france-painset\\\/\"]}]},{\"@type\":\"BreadcrumbList\",\"@id\":\"https:\\\/\\\/mariefrancepainset.net\\\/web\\\/tit-madame-et-ti-monsieur-spectacle-jeune-public-marie-france-painset\\\/#breadcrumb\",\"itemListElement\":[{\"@type\":\"ListItem\",\"position\":1,\"name\":\"Accueil\",\"item\":\"https:\\\/\\\/mariefrancepainset.net\\\/web\\\/\"},{\"@type\":\"ListItem\",\"position\":2,\"name\":\"Tit&rsquo; madame et ti monsieur\"}]},{\"@type\":\"WebSite\",\"@id\":\"https:\\\/\\\/mariefrancepainset.net\\\/web\\\/#website\",\"url\":\"https:\\\/\\\/mariefrancepainset.net\\\/web\\\/\",\"name\":\"\",\"description\":\"Jouer, chanter, dire\u2026 lire, transmettre\",\"potentialAction\":[{\"@type\":\"SearchAction\",\"target\":{\"@type\":\"EntryPoint\",\"urlTemplate\":\"https:\\\/\\\/mariefrancepainset.net\\\/web\\\/?s={search_term_string}\"},\"query-input\":{\"@type\":\"PropertyValueSpecification\",\"valueRequired\":true,\"valueName\":\"search_term_string\"}}],\"inLanguage\":\"fr-FR\"}]}<\/script>\n<!-- \/ Yoast SEO plugin. -->","yoast_head_json":{"title":"Tit' Madame et tit Monsieur - Spectacle jeune public - Marie-France Painset","description":"Dans un cocon, une chanteuse, un musicien, vous accueillent en chanson au son de la guitare, du handpan\u2009\u2026 Berceuses, comptines, ballades d\u2019ici et d\u2019autres pays.Une invitation \u00e0 \u00eatre ensemble, \u00e0 \u00e9couter, \u00e0 r\u00eaver\u2009\u2026","robots":{"index":"index","follow":"follow","max-snippet":"max-snippet:-1","max-image-preview":"max-image-preview:large","max-video-preview":"max-video-preview:-1"},"canonical":"https:\/\/mariefrancepainset.net\/web\/tit-madame-et-ti-monsieur-spectacle-jeune-public-marie-france-painset\/","og_locale":"fr_FR","og_type":"article","og_title":"Tit' Madame et tit Monsieur - Spectacle jeune public - Marie-France Painset","og_description":"Dans un cocon, une chanteuse, un musicien, vous accueillent en chanson au son de la guitare, du handpan\u2009\u2026 Berceuses, comptines, ballades d\u2019ici et d\u2019autres pays.Une invitation \u00e0 \u00eatre ensemble, \u00e0 \u00e9couter, \u00e0 r\u00eaver\u2009\u2026","og_url":"https:\/\/mariefrancepainset.net\/web\/tit-madame-et-ti-monsieur-spectacle-jeune-public-marie-france-painset\/","article_modified_time":"2023-02-02T16:44:58+00:00","twitter_card":"summary_large_image","twitter_misc":{"Dur\u00e9e de lecture estim\u00e9e":"2 minutes"},"schema":{"@context":"https:\/\/schema.org","@graph":[{"@type":"WebPage","@id":"https:\/\/mariefrancepainset.net\/web\/tit-madame-et-ti-monsieur-spectacle-jeune-public-marie-france-painset\/","url":"https:\/\/mariefrancepainset.net\/web\/tit-madame-et-ti-monsieur-spectacle-jeune-public-marie-france-painset\/","name":"Tit' Madame et tit Monsieur - Spectacle jeune public - Marie-France Painset","isPartOf":{"@id":"https:\/\/mariefrancepainset.net\/web\/#website"},"datePublished":"2020-01-21T10:36:46+00:00","dateModified":"2023-02-02T16:44:58+00:00","description":"Dans un cocon, une chanteuse, un musicien, vous accueillent en chanson au son de la guitare, du handpan\u2009\u2026 Berceuses, comptines, ballades d\u2019ici et d\u2019autres pays.Une invitation \u00e0 \u00eatre ensemble, \u00e0 \u00e9couter, \u00e0 r\u00eaver\u2009\u2026","breadcrumb":{"@id":"https:\/\/mariefrancepainset.net\/web\/tit-madame-et-ti-monsieur-spectacle-jeune-public-marie-france-painset\/#breadcrumb"},"inLanguage":"fr-FR","potentialAction":[{"@type":"ReadAction","target":["https:\/\/mariefrancepainset.net\/web\/tit-madame-et-ti-monsieur-spectacle-jeune-public-marie-france-painset\/"]}]},{"@type":"BreadcrumbList","@id":"https:\/\/mariefrancepainset.net\/web\/tit-madame-et-ti-monsieur-spectacle-jeune-public-marie-france-painset\/#breadcrumb","itemListElement":[{"@type":"ListItem","position":1,"name":"Accueil","item":"https:\/\/mariefrancepainset.net\/web\/"},{"@type":"ListItem","position":2,"name":"Tit&rsquo; madame et ti monsieur"}]},{"@type":"WebSite","@id":"https:\/\/mariefrancepainset.net\/web\/#website","url":"https:\/\/mariefrancepainset.net\/web\/","name":"","description":"Jouer, chanter, dire\u2026 lire, transmettre","potentialAction":[{"@type":"SearchAction","target":{"@type":"EntryPoint","urlTemplate":"https:\/\/mariefrancepainset.net\/web\/?s={search_term_string}"},"query-input":{"@type":"PropertyValueSpecification","valueRequired":true,"valueName":"search_term_string"}}],"inLanguage":"fr-FR"}]}},"_links":{"self":[{"href":"https:\/\/mariefrancepainset.net\/web\/wp-json\/wp\/v2\/pages\/548","targetHints":{"allow":["GET"]}}],"collection":[{"href":"https:\/\/mariefrancepainset.net\/web\/wp-json\/wp\/v2\/pages"}],"about":[{"href":"https:\/\/mariefrancepainset.net\/web\/wp-json\/wp\/v2\/types\/page"}],"author":[{"embeddable":true,"href":"https:\/\/mariefrancepainset.net\/web\/wp-json\/wp\/v2\/users\/1"}],"replies":[{"embeddable":true,"href":"https:\/\/mariefrancepainset.net\/web\/wp-json\/wp\/v2\/comments?post=548"}],"version-history":[{"count":5,"href":"https:\/\/mariefrancepainset.net\/web\/wp-json\/wp\/v2\/pages\/548\/revisions"}],"predecessor-version":[{"id":768,"href":"https:\/\/mariefrancepainset.net\/web\/wp-json\/wp\/v2\/pages\/548\/revisions\/768"}],"wp:attachment":[{"href":"https:\/\/mariefrancepainset.net\/web\/wp-json\/wp\/v2\/media?parent=548"}],"curies":[{"name":"wp","href":"https:\/\/api.w.org\/{rel}","templated":true}]}}